Suppose -11*b - 1075 + 162 = 0. Let u = 86 + b. Suppose -u*c + 3*k = 2*k - 197, 0 = -3*k + 3. What is the units digit of c?
6
Suppose -k = 4*q - 244227, -5*q - 25*k = -23*k - 305289. What is the tens digit of q?
5
Suppose -6*m = -8925 - 2139. Let w = m - 528. What is the units digit of w?
6
Let a be (7 - 4)/(1/(-6)*2). Let l(s) be the first derivative of -s**4/4 - 7*s**3/3 + 13*s**2/2 + 22*s - 8. What is the units digit of l(a)?
7
Let f be ((-5)/(10/8) + 5)*-7. Let u = 432 - f. What is the tens digit of u?
3
Let m(t) = -t**3 + 16*t**2 - 25*t + 10. Let j be ((-3)/2)/(14/(-56)). What is the units digit of m(j)?
0
Let i(v) = v**2 - 4*v - 19. Let s be -6 + 5 + (2 - (3 + -1)). Let t(g) = -1. Let f(o) = s*t(o) + i(o). What is the units digit of f(-9)?
9
Let j be 2*(125/(-10))/(-5). Suppose o - 117 = 5*p, 4*o - 172 = -j*p + 296. What is the units digit of o?
7
Let b(y) = -159*y - 16. Let x be b(1). What is the hundreds digit of ((-420)/x)/((-2)/(-245))?
2
Let n = 113 - 195. Let z = 449 + n. What is the units digit of z?
7
Suppose 798 = u + 2*u. Suppose -o = -5*w + 2274, w - 200 - u = 3*o. What is the units digit of w?
4
Let j be (-158)/8 - 2/8. Let y(m) = 13*m. Let d be y(4). Let s = d + j. What is the units digit of s?
2
Let s(o) = -37*o + 10*o - 10 + 11*o + 11*o + 2*o**2. Let m be s(-15). Suppose m = p + p + v, -p = -v - 265. What is the tens digit of p?
6
Let h(j) = -6*j**2 + 133*j - 11. Let g be h(22). Suppose 0 = -g*y - 38*y + 30821. What is the hundreds digit of y?
6
Suppose 0 = -5*o + 3*c - 28, -23 = -4*o - 3*c - 67. Let r(h) be the second derivative of h**4/6 + h**3 + 5*h**2/2 + 5*h. What is the tens digit of r(o)?
8
Let d(r) = 5*r**2 - 19*r + 23. Let u be d(11). Let o = u - -247. What is the units digit of o?
6
Suppose -t + 14814 = -4*i, 5*t - 2274 = -i + 71859. Suppose 0 = -8*p + 29*p - t. What is the hundreds digit of p?
7
Let n = -31225 + 44170. What is the tens digit of n?
4
Let z(s) = 216*s + 21. Let l(x) = -43*x - 4. Let d(q) = -11*l(q) - 2*z(q). Let f be d(4). Let g = f + -79. What is the units digit of g?
7
Suppose 0 = 12*r - 30 - 30. Suppose 831 = 4*x - i, -r*x - 1035 = -10*x + 2*i. What is the units digit of x?
9
Let h = 1282 - 1966. What is the hundreds digit of h/(-190)*(271 + -1)?
9
Let t(r) = 34*r**2 + 234*r + 76. What is the thousands digit of t(-22)?
1
Suppose 370 = -3*u + 2440. Suppose -4*b + 4*i = -1352 + 32, 0 = 2*b + 4*i - u. What is the hundreds digit of b?
3
Let o(b) be the third derivative of -b**6/120 - b**5/6 - 5*b**4/24 - 7*b**3/3 - 3*b**2 + 1. What is the units digit of o(-10)?
6
Let z = 3220 + -606. Let y = z - 1515. What is the tens digit of y?
9
Let j(k) = -10*k**3 - 49*k**2 - 300*k - 21. What is the tens digit of j(-10)?
7
Let c = 13150 - 10025. What is the thousands digit of c?
3
Suppose -225*g + 2302676 = 799920 - 1624744. What is the units digit of g?
0
Suppose -187*f - 4*n + 45012 = -183*f, -56297 = -5*f + 3*n. What is the thousands digit of f?
1
Suppose -253479 = 17*l - 1395403. What is the tens digit of l?
7
What is the hundreds digit of (-11*(-62)/(-2387))/(2/(-491246))?
1
Suppose 4*f - 14 = u + 5*f, 4*u + 66 = -2*f. Let l(t) = -34*t - 64. What is the tens digit of l(u)?
8
Suppose 7988 = 3*t + 5*u, 4*t - 3*u = -u + 10616. Suppose 9*k - k - t = 0. What is the units digit of k?
2
Let y = 50988 - 36029. What is the thousands digit of y?
4
Let n = -687 - 1417. Let m = -1293 - n. What is the tens digit of m?
1
Let f = 72723 + -35473. What is the hundreds digit of f?
2
Let z be (-90)/(-8) + 5/(-20). Let r(u) = 4*u - 19 + z + 0 - 18. What is the units digit of r(7)?
2
Let o(a) = 15*a**2 + 71*a + 409. What is the hundreds digit of o(-23)?
7
Let n = 387 + 301. Let s = -270 + n. What is the tens digit of s?
1
Let w = -2403 - -4269. Suppose 0*z - 6*z = -w. Let n = z - 190. What is the units digit of n?
1
Let w be 125/20 - 6 - 7/(-4). Suppose 6*r = w*r - 2*g + 494, r = -g + 124. What is the units digit of r?
3
Let w = 146655 + -83072. What is the tens digit of w?
8
Suppose -62*i = 417457 - 2462775. What is the thousands digit of i?
2
Suppose -8*z = 6888 - 18936. Let s = z - 1003. What is the hundreds digit of s?
5
Suppose 580 = l + 3*l. Let u be ((-16)/2*l/(-20))/(-1). What is the units digit of (-5666)/(-30) + (u/15 - -4)?
9
Let f be (-2)/10 - (-18 + 395/25). Let j = 267 - 51. Suppose -f*u - j = -6*u. What is the units digit of u?
4
Suppose 0 = y - 495 - 439. What is the units digit of y?
4
Suppose q - 2*f - 3*f + 7 = 0, 0 = f. Let d(s) = -s**2 - 7*s + 6. Let w be d(q). Suppose w*j = 4*j + 212. What is the units digit of j?
6
Suppose 632 = 11*v + 1996. Let i = v + 220. Let z = i - -123. What is the tens digit of z?
1
Let t(h) be the first derivative of -h**3/3 - 7*h**2/2 - 9*h + 9. Let m be t(-4). Suppose m*v + 3 = 21. What is the units digit of v?
6
Suppose f + 54372 = 3*v, -2*v - 6*f = -2*f - 36220. What is the hundreds digit of v?
1
Suppose 12006 = 2*n + 7*n. Suppose -l - n = -4*m, -3*m + 2*l - 672 = -5*m. What is the units digit of m?
4
Suppose 2*x + 2686 = k - 11488, 14180 = k - x. What is the tens digit of k?
8
Let p(y) = -13*y**2 + 13*y + 39. Let c(a) = 11*a**2 - 13*a - 41. Let w(g) = -7*c(g) - 6*p(g). What is the thousands digit of w(38)?
1
Suppose 28*p + 50 - 134 = 0. Let w(a) = 14*a**3 - 7*a**2 + 13*a - 18. What is the tens digit of w(p)?
3
Let p(x) = 14*x - 162. Let k be p(30). Let r = 97 + k. What is the hundreds digit of r?
3
Let b = -28 - 93. What is the units digit of (b/22 + 3 + 0)*-58?
5
Let u(f) = 11*f**3 + 6*f**2 - f - 447. What is the tens digit of u(14)?
9
Suppose 0 = -15*w + 33200 + 25360. Suppose 3*p - 2*r = w + 521, 0 = -5*p + 3*r + 7374. What is the thousands digit of p?
1
Suppose 590*c - 600*c = -324960. What is the units digit of c?
6
Let s = 11 + -6. Suppose 0 = -2*g + b + 257, -647 = -17*g + 12*g + 4*b. Suppose g = s*w - 863. What is the hundreds digit of w?
1
Let y(o) = o**2 - 3*o - 2. Let c be y(4). Suppose -1 = -c*f + 3. Suppose -3 = f*n + 3*q, 4 = 4*n - q - 25. What is the units digit of n?
6
Let h be (42016 - 5/15*15) + 1. What is the thousands digit of h/32 + (4 - 155/40)?
1
Suppose -2*r - 31*r + 162 + 498 = 0. Suppose p = -0*p. Suppose -5*c = 2*l - c - 12, 2*l - 4*c - r = p. What is the units digit of l?
8
Suppose -3*a = 5*o - 992 + 17, 0 = a. Let p = o - 139. What is the units digit of 5112/p - -1 - 2/7?
2
What is the units digit of -9 + 0 + 317817/149?
4
What is the tens digit of 50/(29230/(-3660) - -8)?
6
Suppose 12*p - 20*p + 48 = 0. Suppose 11*i - 2270 = p*i. What is the tens digit of i?
5
Let c be -3 - (10916/(-14) - (-16)/(-56)). Let w = -510 + c. What is the units digit of (-3)/(-15)*-2 + w/5?
3
Suppose -4*o - h - 126 - 1221 = 0, 5*o + 2*h = -1680. Let v = o - -419. What is the tens digit of v?
8
Let u = 15505 + -6835. What is the thousands digit of u?
8
Let o be 783/(-6)*(-160)/(-12). Let c = -1171 - o. What is the units digit of c?
9
Let z be (-6)/(-21) + 754/(-91). Let f be (-15)/10*z/(-6). Let q = 206 + f. What is the hundreds digit of q?
2
Suppose 0 = -5*h - 3*d + 450, 0 = -2*h - h + 2*d + 270. Suppose 162 = j + h. What is the units digit of (17 + -16)*(-1 + j)?
1
Suppose 4*a - 214 = -26. Suppose -a*k = -51*k + 1440. What is the hundreds digit of k?
3
Let h(v) = -1873*v + 565. What is the tens digit of h(-9)?
2
Let j(o) = o**3 - 4*o**2 + 3*o + 4. Let a be j(2). Suppose -3*i = -2*t + 1024, -a*t - 4*i + 534 = -t. What is the tens digit of t?
1
Let u = -6917 - -13873. What is the thousands digit of u?
6
Let y = -9 + 72. Let s = -58 + y. Suppose s*h - 2*o - 83 - 126 = 0, -5*h + 227 = 4*o. What is the tens digit of h?
4
What is the thousands digit of (761148/(-135) - (-12)/90)*-1?
5
Let f(n) be the first derivative of 4*n**3/3 + 22*n**2 + 40*n + 1. What is the hundreds digit of f(-18)?
5
Suppose 5*y - 21419 = 5*v + 17841, 2*v - 15712 = -2*y. What is the units digit of y?
4
Let v = -26 + 30. Suppose -v*a = h - 3073, 5*a + 3860 = 10*a + 5*h. What is the hundreds digit of a?
7
Let o(g) = 306*g**2 + 6*g - 2. Let u be o(-5). Suppose -23*y = -3859 - u. What is the units digit of y?
9
Suppose -16*l = -16*l + 3*o, -l + 9459 = 3*o. What is the thousands digit of l?
9
Let t = 18 + -13. Suppose 0 = 10*a - t*a + 5. What is the units digit of 81 - (-1 - a - 4)?
5
Let t(v) = v**2 